 9 - (-10 + 2)?
9
(13 - (0 - -11)) + 4
6
What is (16 - -26) + -7 - (-1 + 14)?
22
What is the value of -5 - 9 - -17 - -10?
13
Evaluate -44 - (10 - (15 - -12)).
-27
What is 6 - (-10 - (2 - 5) - (-20 - -1))?
-6
-10 + (2 - (8 + (-14 - 0)))
-2
Evaluate -31 - (15 + (-1 - 0) - 25).
-20
Calculate -2 + (-5 + 13 + -7 + -2 - 13).
-16
11 - (-24 + 18 - (-17 - 4))
-4
What is the value of -19 + 5 + (-1 - -5) + -1?
-11
Evaluate 10 + (2 - 4) - (-34 - -45).
-3
What is the value of (-10 + 5 - -2) + 7 + -4?
0
(84 - 99) + (0 - 3)
-18
Evaluate -24 + -2 + 673 + -666.
-19
(24 - 9) + -16 + 8 - 4
3
Calculate -5 + -3 + 16 + 10 + (-51 - -16).
-17
Evaluate 2 + (6 - (-14 + 20)) + 1 + 4.
7
2 - (-4 + (3 - 2 - -2))
3
What is -1 - (-9 - -3) - (-10 + 20)?
-5
Evaluate 27 - (28 + -15) - 14.
0
14 + -8 - ((7 + -5 - -6) + 10)
-12
Calculate -21 + 15 + 13 + -6.
1
Evaluate 6 + 3 + (-9 - (-6 + -7) - 3).
10
9 + -17 - -7 - (3 + (-1 - 8))
5
Evaluate (0 - 0) + (-10 - -32 - 20) - 9.
-7
13 + (-6 - 12) + (-2 - (-4 + 1))
-4
What is the value of 17 - (-14 + 30) - (1 + -2)?
2
-119 + 122 + (2 - (0 - -9))
-4
What is the value of -26 + -2 + 4 + -30 + 35?
-19
-25 - (-57 + 50 - (0 - -6))
-12
Evaluate 21 + 0 - (102 + -102).
21
Calculate 6 + (4 - 4) + -2 + 0 - 10.
-6
What is 2 + -5 + 4 + 21 + -18?
4
What is 1 + -12 + 20 + -12 + 0?
-3
Evaluate (13 - 13) + 1 + -15.
-14
Evaluate (0 - (-23 - (-15 + 5))) + -19.
-6
Evaluate (-19 + 9 - -8) + 0.
-2
Calculate -7 + -6 + 22 - -3.
12
What is the value of -8 - -12 - (-8 - 2 - 8)?
22
Calculate 4 + (42 - 27 - (-2 - (-5 + 4))).
20
Evaluate -26 + (14 + -25 - -8) + 0.
-29
What is 3 + (5 - 19) + -9 + 8?
-12
What is (-8 - 2) + 158 + -140?
8
What is -23 + 15 + 2 + -10 + 5?
-11
Calculate 159 + -154 - (7 - 9 - (9 - -1)).
17
What is -7 + -2 + -19 + 11?
-17
Evaluate (-21 - -6) + (-18 - -39).
6
Calculate 4 - (1 + 8 + -6 + 3).
-2
-179 + 177 + (7 - (0 - 1))
6
-3 - (11 + 13 - 16)
-11
What is the value of -4 - (-10 + 13 + 1)?
-8
Evaluate 26 - 2 - 0 - (-5 - -14).
15
Calculate (6 - (-2 - -16)) + (-10 - -9 - 4).
-13
Calculate -1 + -8 + 46 + -40 - 7.
-10
What is the value of (-4 - -18) + -1 + 2 + 8?
23
What is the value of -2 + (0 - 0) + -12 + 8 + 6?
0
Evaluate -8 + 22 + (-4 - 12) - 18.
-20
Evaluate 7 + 6 - (26 + -7).
-6
What is the value of -23 + 39 + -14 + -13?
-11
What is the value of (102 - 21 - 30) + -36?
15
Evaluate -15 + (-8 + 3 - -32).
12
What is the value of -1 - ((15 - -1) + (-11 - 2 - -13))?
-17
(-9 - (-18 + -22)) + -33
-2
8 + -1 + (-13 - (-2 + -14))
10
What is -8 + (4 + -5 - -4 - -2)?
-3
What is the value of 22 - ((11 - (14 - (15 - 11))) + -6)?
27
(-13 - -4 - (7 - 13)) + 1
-2
(12 - 0 - (47 - 50)) + 2
17
What is the value of -16 - (0 - 4) - (7 + -2)?
-17
What is the value of -28 + 7 + 112 + -82?
9
What is the value of 3 + 8 + -7 + (5 - 17)?
-8
What is -10 + -6 + 23 + 5 + -11?
1
What is the value of (-8 - 0) + (252 - 262)?
-18
What is -17 + -8 + (4 - -9)?
-12
Calculate 7 + 11 + -3 - 37.
-22
(-3 + (11 - 22) - -4) + 37
27
What is (19 - 9) + (13 - 17) + (-3 - -3)?
6
What is -9 - (-2 + 8 - 12)?
-3
(2 - 0) + -14 - (-86 - (-175 + 82))
-19
-36 + (-8 - (16 + -41)) + 15
-4
Evaluate (3 - (-6 - 1)) + -35 + -12.
-37
What is 6 + (3 - (11 + -7)) + -16 + 2?
-9
Calculate -17 - (11 + -18 + -6).
-4
Evaluate (-16 - (7 - 20)) + -7.
-10
Calculate -1 - -5 - (28 + -33) - -2 - -7.
18
Evaluate -9 + 19 + (23 - 28).
5
3 + -4 + 14 + -9 + 4
8
Evaluate (-1 - 3) + (181 - 161).
16
What is the value of -1166 + 1191 - (-1 + 13)?
13
Calculate -8 - ((-4 - -8) + 1 + -4).
-9
What is the value of (-22 - (-11 - -3)) + -7 + (8 - 0)?
-13
Calculate -2 + 5 + -8 - 4.
-9
What is -19 + (-8 - (-26 + 5))?
-6
Calculate 3 + (15 + -31 - -5 - (-4 - 2)).
-2
What is 3 + -2 - -12 - (-3 + 5)?
11
What is 44 - (25 + (3 - -9))?
7
(2 - (4 - -3)) + 17 + 11 + -8
15
Evaluate 33 - (-4 + -13 + 28).
22
What is the value of -1 - (-3 - 1) - (847 - 853)?
9
What is (-3 - (1 + (-6 - -1))) + 8?
9
Calculate 68 + -71 + (-47 - -21).
-29
What is -1 - (5 - 24 - -42)?
-24
Evaluate 12 - (11 - 5) - 11.
-5
(0 - (14 + -4)) + 3
-7
Calculate (14 - 9) + 35 - 13 - 2.
25
What is (3 + 2 - 19) + -14 + 6?
-22
Calculate (8 - 29) + 15 - 12.
-18
What is the value of 40 - 50 - (-22 + 2) - (-6 - -1)?
15
What is the value of 16 - (17 + -25 + 14)?
10
What is 10 + 2 + -5 + 1 + -27 + 5?
-14
Evaluate -5 + (-12 - -1) - (0 - 0).
-16
Calculate 7 + 0 - (-12 - -24 - 14 - 9).
18
Calculate (-6 + 11 - -17) + (-1 - -5) + -2.
24
What is 8 + (-9 - -3) + (0 - 10 - -14)?
6
Evaluate 12 + 0 + -1 + 78 + -84.
5
What is the value of -23 + (-26 + 22 - -11)?
-16
(10 + (12 - 12) - 16) + 12
6
Evaluate -11 - ((-43 - -12) + 1) - (-1 - 1).
21
Evaluate (0 + -8 - (12 + -19)) + (-12 - -29).
16
53 + -72 - (-57 - -4)
34
What is -20 - (7 + -16 + -16)?
5
Evaluate 0 - -2 - -1 - (1237 + -1229).
-5
What is the value of 0 + -4 + 7 - (1 - 8)?
10
(1 - (-6 - -11)) + (6 - 1) + -4
-3
What is -140 + 124 - (3 + -3 - -10)?
-26
What is (24 - 22) + 26 + -38?
-10
Evaluate -4 - (-17 + 2) - (-11 - -18) - -3.
7
0 - -38 - (429 + -404)
13
What is 4 + 2 + 13 + (15 - 34) + 14?
14
What is the value of (34 - (4 + 3)) + -14?
13
Evaluate 2 - (-5 - -3 - 0) - (-43 + 34).
13
What is -3 + -3 - -3 - (4 + -2 - -8)?
-13
10 + 3 + -21 - (-1 + 8)
-15
0 + 6 + (8 - 14) + -3
-3
Evaluate -43 + 22 - (6 + -17).
-10
Evaluate -41 + -17 + 24 + 2 + 0.
-32
What is the value of 22 + -5 + -7 + 2 + -2?
10
Calculate (17 - (7 + 5 + (1 - 13))) + -1.
16
Calculate (-1 - 16) + -219 + 251.
15
Evaluate 45 + -2 - (23 - (40 - 28)) - 0.
32
Calculate 0 + -5 - 2 - (-19 - -18).
-6
Calculate -9 - ((-1 - (0 + -1)) + (-19 - -17)).
-7
What is the value of -5 + 16 + -2 + -1?
8
What is the value of -74 + 63 + (0 - -3) + (-2 - -8)?
-2
(-237 - -174) + (39 - -3)
-21
(-9 - -2) + (-34 - -30) + (3 - 4)
-12
What is the value of (60 + -19 - 23) + -24?
-6
What is the value of 13 + -8 - 8 - 6 - 13?
-22
Calculate 1951 + -2008 + 34 + 0.
-23
Calculate 3 + (-16 - (-7 - -4)) - 13.
-23
Calculate (-11 - -2) + 146 + -131.
6
(5 + (1 - 10) - -5 - -8) + -12
-3
What is the value of -15 - ((-7 - -5) + -3)?
-10
47 + 15 + -58 - (1 + -20)
23
Calculate (-29 - (-23 - 8)) + 1 + 5.
8
What is 5 + 0 + -12 + -3 - (1 + 15)?
-26
(25 - (29 + 18)) + 13
-9
What is 25 + -18 - (-8 + 37)?
-22
What is 12 - (-18 + 14) - (3 + (1 - 4))?
16
What is -14 + 8 + 7 + 0 - -15?
16
3 - 1 - (45 - (13 + 1 + 3))
-26
What is the value of 20 - 10 - 10 - (18 - 5)?
-13
Calculate -5 - (14 + -10) - (40 - 36).
-13
Calculate (3 - (1 + -12)) + 24 + -5 + -20.
13
What is 1 - ((9 - 6) + (-3 - -4) + 4)?
-7
Evaluate -3 + 3 + -8 - -1 - 14.
-21
Calculate -10 + (2 - 8) + 4 + (-2 - -3).
-11
-26 + 36 + 19 - 8
21
Evaluate 7 - (15 + 23 + -15).
-16
(48 - 37) + (-34 - (-1 - -4)) + -8
-34
Calculate 31 + -26 + (-7 - 2).
-4
What is -1 - (-19 + 7) - 16?
-5
Evaluate (-15 - -2) + 2 + -11 + 8.
-14
Calculate 5 - 1 - (-106 + 75).
35
Calculate 50 + -15 - (22 - 3).
16
What is the value of (-11 - (-16 + -5 + 10)) + -7?
-7
What is the value of 5 + (0 - -5) + 11 + -3 + -7?
11
What is -2 - -6 - (4 + (1 - (1 - -19)))?
19
Evaluate 20 + (1 + -9 - 0).
12
What is the value of 2 + 0 + -11 + (-3 - 33 - -39)?
-6
What is (3 + 5 - 6) + (-2 - -8) + -30?
-22
What is -5 + 12 + (24 - ((0 - -8) + 2))?
21
What is -39 - (-8 - 2 - 10)?
-19
What is 9 - 1 - (-4 - (4 + -37))?
-21
Evaluate (-2 - 1) + -31 + (29 - 25).
-30
Evaluate -2 + 7 + -6 + -10.
-11
Evaluate -22 - 0 - (246 - 263).
-5
What is (-9 - 0 - -18) + -17 - -8?
0
-33 + (22 - -14 - 16)
-13
What is (106 - 88) + (-1 - 6)?
11
-9 + (-199 - -191) + (-1 - 0 - -8)
-10
-5 - (-8 - -9 - -12 - 13)
-5
27 - (-11 + 21) - 1
16
What is the value of 5 - (9 - -4 - -10)?
-18
What is the value of (0 - 24) + 241 + -222?
-5
What is the value of 35 + 10 + (86 - 106)?
25
What is 455 - 441 - (-6 + -1)?
21
What is the value of (3 + (-4 - (-5 + 8)) - 3) + 15?
8
6 - (-8 + -5 + 13 + 8 + -8)
6
What is the value of -7 + (10 - (51 + -25))?
-23
Evaluate (63 - 14 - 43) + (-8 - 2).
-4
What is -27 - (-61 + 15 + -4)?
23
-10 - (-30 + 5) - -4
19
Calculate (-25 - (-23 + -9)) + -23 + 0.
-16
Evaluate -30 + 36 - (18 + -10).
-2
Evaluate 6 + 2 + (-14 - -16).
10
5 + -2 - (-5 + -7 + 8 + 12)
-5
What is the value of 10 + -11 - (-4 - (-8 - -10))?
5
What is the value of -3 - (15 + -4) - (1 - 5)?
-10
-4 + 13 + -13 + 9 + -1
4
-2 + (-5 - (-13 - 0))
6
Evaluate 0 + 1 + -5 + (12 - 1